 2*n - 11 = -1. Suppose -n*h + 14 = -1. Suppose 3*a - b + 11 = 57, -4*b = h*a - 71. What are the prime factors of a?
17
Let n = -174 - -315. Suppose -5*x + 473 = z + n, 0 = -5*x + 2*z + 326. What are the prime factors of x?
2, 3, 11
Let l(u) = -5*u. Let h(o) = 5*o + 1. Let p(y) = 6*h(y) + 4*l(y). List the prime factors of p(3).
2, 3
Let f(i) be the third derivative of i**6/30 - i**5/30 - i**4/4 + 5*i**3/6 + 11*i**2. What are the prime factors of f(3)?
7, 11
Let n = -1102 - -2034. List the prime factors of n.
2, 233
What are the prime factors of 0 + 536*(-7)/(-9 - -2)?
2, 67
Let d(o) = 2*o**2 + 35*o + 48. What are the prime factors of d(24)?
2, 3, 5, 17
Let n = -57 + 55. List the prime factors of (0 - 0)*n/(-4) - -4.
2
Let d be (-166)/(-18) - 4/18. Let c(z) = 17*z**2 - 12*z - 16. Let r(h) = 4*h**2 - 3*h - 4. Let s(o) = d*r(o) - 2*c(o). What are the prime factors of s(-3)?
23
Let r = 3631 + -2381. What are the prime factors of r?
2, 5
Suppose 2*m + 5*f - 15 = 0, -4*m + 20 + 4 = 4*f. Suppose 3*l - 5*x = 326, -l + m*l + 5*x = 493. What are the prime factors of l?
3, 13
Let r(x) = -2*x**2 - 27*x - 3. Let n be r(-13). Let y = n - 0. What are the prime factors of y?
2, 5
Let p(f) = 15*f + 47. Let d be p(7). Suppose -x + d = 37. What are the prime factors of x?
5, 23
Let w = -123 + 71. List the prime factors of (w/50)/(8/(-80))*5.
2, 13
Suppose -g = 2*w + 106, 2*g + w = -0*w - 215. Let c = -42 - g. List the prime factors of c.
2, 3, 11
What are the prime factors of (-2 - 3936/9)/((-12)/18)?
659
Suppose 5*o + 4*t = 16947, -78*o - 5*t = -81*o + 10183. List the prime factors of o.
3391
Suppose -5*t = -4*y - 9, 4*y - 3*t + 3 = -4*t. List the prime factors of 1/(y/(-23)) - -3.
2, 13
Let s(n) = -n + 8. Let a be s(6). Suppose 0 = -m - 4*k - 2, 0*k + 20 = 2*m + a*k. List the prime factors of 2*m/4 - 2.
5
Suppose 2*s - 559 = y, -6*s + 3*s = 4*y - 866. What are the prime factors of s?
2, 3, 47
Suppose -6*a + 96 = -0*a. Suppose -4*g = a, g = 3*s + 43 - 287. List the prime factors of s.
2, 5
Suppose 33*c - 3450 = 10*c. What are the prime factors of c?
2, 3, 5
Let m = 2 - 1. Let f be (1 + -3 + m)*-18. List the prime factors of (f/12)/((-3)/(-4)).
2
Let m be 39/(-52) - (-45)/(-4). Let x(p) = p**3 + 14*p**2 + 12*p + 3. List the prime factors of x(m).
3, 7
What are the prime factors of -1*3 + (0/1 - -136)?
7, 19
Let i(g) = 103*g**2 + 3*g - 3. Let c = 64 + -63. What are the prime factors of i(c)?
103
Let y be (-90)/(-5) - (0 + 3). Suppose -3*k = 3*c + y + 9, c + 4*k = -17. List the prime factors of (6/c)/((-6)/120).
2, 3
Let o = 25 + -20. Suppose -o*u = -4*m + 164 - 4, u = 4*m - 160. Suppose 3*j = j + m. List the prime factors of j.
2, 5
Let i be (-59)/5 - 2/10. Let f = i - -12. What are the prime factors of (f + -1)/((-2)/34)?
17
Let y(z) = 2*z - 8. Let p be y(-5). Let f = 21 + p. Suppose -2*c + 3*d + 55 = 0, -2*d + 79 = f*c - 23. List the prime factors of c.
2
Let d(w) = 3*w**3 - w**2 + 11*w - 4. List the prime factors of d(4).
2, 3
Let t(n) = 18*n**2 + 50*n - 2. List the prime factors of t(11).
2, 29, 47
Suppose 114 = -25*l + 27*l. List the prime factors of l.
3, 19
Let k = 551 - 311. Suppose -2*q + q = 5*y - 555, -4*q + k = 2*y. List the prime factors of y.
2, 5, 11
Let f = -8 + 12. Suppose 2*q + 73 = b + 5*q, -f*b + q + 318 = 0. What are the prime factors of b?
79
Let n(i) = -41*i + 7. Let m be n(-12). Suppose -r - 5*f + 105 = 0, 3*r - f - m = -168. List the prime factors of r.
2, 5, 11
Let h(n) be the first derivative of 3 - 2*n + 2/3*n**3 + 2*n**2. What are the prime factors of h(-5)?
2, 7
Suppose 2*v = -8 + 2. Let l = 3 + v. Suppose 5*w - 61 = -n, l = 4*n + 4*w - 32 - 132. What are the prime factors of n?
2, 3
Let l(v) = -9*v - 2. Let o be l(-1). Suppose 0*k + 3*q - o = -4*k, 3*q + 9 = 0. Suppose -3*j + 149 = -5*i, -k*i - 90 = -2*j - 3*i. List the prime factors of j.
43
List the prime factors of ((-6)/(-21))/((-3)/(-7518)).
2, 179
Suppose -1000 = 4*s - 5996. What are the prime factors of s?
1249
Let a(p) = p**3 + p + 63. Suppose 2*z = 5*k + 25, 11 = z - 4*k - 9. List the prime factors of a(z).
3, 7
Let f be 9 + -12 - (0 + -1)*314. Suppose -6*j + f = 23. What are the prime factors of j?
2, 3
Let k(l) = l**2 - 10*l + 7. Let x be k(8). Let a = -7 - x. Suppose 7 = 4*q - 3*w - 9, a*w = 2*q - 6. What are the prime factors of q?
7
Suppose 26 = -2*x - 0*d - d, -2*x + 2*d - 14 = 0. Let m(b) = b**2 + 8*b - 7. List the prime factors of m(x).
2, 13
Suppose g = -4*g + 945. Let a be g/(-17) + (-6)/(-51). Let b(n) = -n**3 - 10*n**2 + 7*n - 10. List the prime factors of b(a).
2, 17
Let v be 12 - 2*(-4)/(-8). Suppose -v*i + 540 = -6*i. What are the prime factors of i?
2, 3
Let x(i) = 33*i**2 + 26*i + 82. What are the prime factors of x(-6)?
2, 557
Let p(g) = 26*g - 45. Let b(s) = 17*s - 30. Let i(f) = -8*b(f) + 5*p(f). Let m be i(9). Let x = 72 + m. What are the prime factors of x?
3, 11
Let w = -3 + 0. Let z be ((-21)/6 - w)*-6. List the prime factors of (-354)/(-8) + z/(-12).
2, 11
Suppose 3*k + 169 = a, 0*a - 712 = -4*a + 3*k. Let j(b) = 2*b + 1. Let i be j(2). Suppose -8*d - 2*r = -3*d - a, i*r = -10. List the prime factors of d.
37
Let z(p) = p**2 - 20*p - 47. Let f be z(20). Let a = f + 89. What are the prime factors of a?
2, 3, 7
Let d(m) be the third derivative of m**5/30 - 3*m**4/8 + m**3/2 - 15*m**2. List the prime factors of d(5).
2
Let k be (-5)/((-30)/(-8))*12. Let b(q) = -3*q + 6 + 8 - 26 + 5. List the prime factors of b(k).
41
Let p = 21 - -25. Suppose -20 - p = 2*k. List the prime factors of k/(-7) - (-8)/28.
5
Suppose -70 = -5*q + 6*d - 4*d, -q + 2*d = -14. What are the prime factors of q?
2, 7
Let m(r) = r**3 - 3*r**2 - 3*r + 6. Let c = 19 + -22. Let v(z) = 3*z**2 + 3*z - 5. Let g(f) = c*v(f) - 2*m(f). List the prime factors of g(-3).
3, 13
Suppose -4*q + 30 = 4*x - 70, 0 = 3*q - 4*x - 47. Suppose -23*j = -q*j - 4. List the prime factors of j.
2
Let h = -71 + 72. List the prime factors of (-15 - -14)/(h/(-2))*64.
2
Let y(o) = 2*o**2 - 6*o - 5. Let j(m) = -m**3 + 4*m**2 - 3*m + 9. Let h be j(4). What are the prime factors of y(h)?
31
Suppose -69870 = -28*h - 57*h. What are the prime factors of h?
2, 3, 137
Let m = 14 - -584. List the prime factors of m.
2, 13, 23
Suppose -6*w = -11*w - 65. Let b(s) = s + 17. Let a be b(w). Suppose -a*j = -5*z - 8, 0 = -j - 0*z - z + 11. List the prime factors of j.
7
Suppose 0 = -j - 3*o + 386, 5*j + 6*o - o = 1910. List the prime factors of j.
2, 5, 19
Let b(k) = -k**3 + 16*k**2 - 8*k - 13. Let p be b(14). Suppose -p = 5*c - 1477. List the prime factors of c.
2, 11
Let v(n) = -n**3 - 6*n**2 - 4*n + 4. Suppose 20 = -4*q + 2*d, -5*d - 51 + 11 = 5*q. List the prime factors of v(q).
2, 7
Let v(z) = z**3 - 6*z**2 - 9*z + 12. Let l be v(7). Let q(s) = -20*s + 3. Let t(u) = -u. Let c(x) = q(x) + 2*t(x). List the prime factors of c(l).
47
Let u(m) = -2*m**3 - m**2 - 2*m - 3. Let d be u(-2). Suppose 0 = y - 30 - d. List the prime factors of 1/(44/y + -1).
43
Suppose -3*z - 4 = -5*z. Suppose 4*h + 46 = z*t - 94, 141 = 2*t - 3*h. Suppose a = -5*y + 98, -3*y + 0*y = 5*a - t. What are the prime factors of y?
19
Let o(g) = -g + 1. Let j be o(-8). Let u(d) = 2*d**2 - 3*d + 17. List the prime factors of u(j).
2, 19
Let i be 4 - 12/4 - -191. Let u be (-5)/2*i/(-40). What are the prime factors of u/(-10)*75/(-10)?
3
List the prime factors of (14273/14)/((-15)/(-6) + -2).
2039
Let c be (0 + (-3)/12)*-8. Let u be -3 - -3 - (-6)/c. Let p(j) = 3*j**3 - 2*j**2 - 2*j - 2. What are the prime factors of p(u)?
5, 11
Let x(q) be the third derivative of 0*q - 1/6*q**4 - 8/3*q**3 + 0 + 2*q**2. What are the prime factors of x(-7)?
2, 3
Let a = 16 - 13. Suppose 3*o - 73 - 137 = 5*i, a*o - 2*i - 210 = 0. List the prime factors of o.
2, 5, 7
Let y(u) = -1463*u - 14. List the prime factors of y(-1).
3, 7, 23
Let v = -38 + 12. Let i be 1/3 - v/(-6). List the prime factors of (i - -6)/((-5)/(-30)).
2, 3
Suppose 3541 = 4*t + 46*j - 43*j, -879 = -t - 2*j. What are the prime factors of t?
7, 127
What are the prime factors of (-2)/7 - ((-11972)/7 + -2)?
2, 107
Let s = 1 + 572. What are the prime factors of s?
3, 191
Let k(f) = -68*f + 5. Let l be k(-2). Let o = l + 79. List the prime factors of o.
2, 5, 11
Let p(v) = -28*v**3 - 6*v**2 + 7*v + 2. List the prime 